j. Suppose -j*r = -4823 + 1316. Is r a prime number?
False
Let v be 783/153 - (-4)/(-34). Suppose -4*y + 40*c + 13822 = 42*c, -6899 = -2*y - v*c. Is y composite?
False
Let n(i) be the first derivative of -i**4/4 - 13*i**3/3 + i**2/2 + 10*i - 32. Let f be n(-13). Is -2*f/6*1822 prime?
False
Let w be 4 + 1 + -6 + (-2522 - 1). Is (-3 - w)*(6 - 5) a composite number?
False
Suppose 79*t - 136*t + 35955855 = 138*t. Is t composite?
True
Let m = -137 + 84. Let s = -50 - m. Suppose 2*v - 4493 = s*k, -4*v + 8979 = -k + 2*k. Is v a prime number?
False
Suppose 13*z + 763951 - 1845501 = 881073. Is z a composite number?
True
Suppose 15*s = -21*s + 56*s - 3812980. Is s prime?
True
Suppose 5*m + 53 - 68 = 0. Let t be 9260/(-4) + m + -3. Let d = -1582 - t. Is d prime?
True
Suppose -72*g = -143762620 - 50587042 + 32907302. Is g a composite number?
True
Let s(r) = -11979*r - 1528. Is s(-9) prime?
False
Is 3/7*4/(-6) + (-881892)/(-308) a composite number?
True
Suppose 5*s - 6463998 + 2529879 = -2*h, 5*s + 5*h = 3934125. Is s composite?
False
Let o(d) = -894*d + 68. Let r be o(-20). Suppose -5*u + w + 17978 = -r, 3*u - w - 21554 = 0. Is u a composite number?
True
Let o(i) = 2264*i**2 + 82*i + 943. Is o(-10) a composite number?
True
Let v(f) = 15853*f**2 + 21*f - 13. Is v(-6) composite?
False
Let g(h) = 21*h - 205. Let r be g(10). Suppose -r*b + 17110 = 5*l, b - l = -0*l + 3432. Is b a prime number?
False
Suppose -21 + 25 = 4*i. Is (-3 + 3 - i) + (-335538)/(-7) a composite number?
False
Let b = -158 + 144. Let g(d) = d**3 + 32*d**2 + 13*d + 7. Is g(b) a prime number?
False
Is 8021*(-8)/(-7) - (-161)/1127 prime?
False
Let t = -72 + 24. Is -2726*(-6)/t*-4 a composite number?
True
Is 111496 + 0 - 3900/(-260) composite?
True
Let d = 1096873 - 576854. Is d a composite number?
False
Suppose -3*l = -5*f, -f = 3*f + 5*l - 37. Suppose -f*k = z - 0*k + 10, -5*z + 4*k + 7 = 0. Is z/(-4) + (-4248)/(-32) prime?
False
Let z(l) = 302*l**2 + 22*l - 473. Is z(16) prime?
True
Is ((-57)/(-12) - 5)/((-32)/2813056) prime?
True
Let u = -1366700 + 2367291. Is u a composite number?
True
Let d be (36/(-8))/(2/8). Suppose 0 = n + 7, -2*c + 4*n + 497 = 1677. Is -159*c/108 + 4/d composite?
True
Let m(q) = -q**3 + 19*q**2 + q - 16. Let g be m(19). Suppose -g*i = -7*i - 4. Is i/(-4) - (53307/(-12))/3 composite?
False
Suppose 4*p + 22 = 5*u, -2*u - 2*p - 5 + 21 = 0. Let y be (892/u)/((-8)/48). Let g = 2727 + y. Is g a composite number?
True
Let x(g) = -715 - 7*g**3 + 11*g**3 - 2*g**2 + 716 + g**3 + 0*g**3 + g. Let z(y) = y**3 - 2*y**2 - 2*y. Let r be z(3). Is x(r) prime?
False
Suppose -28*f - 5869939 = -20*f - 45*f. Is f a composite number?
False
Suppose 4*u - 94483 = -2*n + 285827, 5*n + 3*u - 950747 = 0. Is n prime?
True
Let d = -783 + 120. Let a = -428 - d. Is a a composite number?
True
Suppose v + 2*v = 12. Let w(i) = -3*i + 7. Let b be w(v). Is -887*b/(-25)*-5 composite?
False
Let k(r) = 104*r**2 - 175*r - 187. Is k(-34) a prime number?
False
Suppose i + 4*i = -10700. Suppose u + 1420 = 2*o - 4485, -4*u - 23575 = o. Let l = i - u. Is l composite?
True
Let v(n) = -4*n - 12. Let z be v(-5). Suppose -8*k + z = -6*k. Suppose 4*x = 8, -5*c = -5*x + k*x - 7643. Is c a composite number?
True
Let n be ((-8)/3)/(2/6). Let s = -248 + 561. Is (n/(-2) + s)*(2 - 1) a composite number?
False
Let v(q) = -q**3 + 30*q**2 + 43*q - 29. Let l = -191 + 172. Is v(l) a composite number?
False
Let l = 293100 - 166069. Is l a prime number?
True
Let j(h) = 11*h - 5*h**2 + 55*h**3 + 6*h**2 + 6*h**2 - 9*h**3 - 7 + 50*h**3. Is j(5) a composite number?
True
Let r(c) = -c**3 + 63*c**2 + 20*c - 127. Is r(57) a prime number?
True
Let i(d) = -467*d**3 - d - 1. Let v(f) = f**3 + 16*f**2 - 17*f - 6. Let k be v(-17). Let g be (-6)/(-9) - (-10)/k. Is i(g) prime?
True
Suppose w + 15752 + 171399 = 3*j, 3*j - 187159 = 5*w. Is j a composite number?
False
Let q = 171 + -169. Is ((1 - 1) + q)*(-167178)/(-132) a prime number?
False
Suppose -2*f = 2*f - 60. Suppose 1534 = -f*k + 17*k. Is k a prime number?
False
Let c = 2794 - 7787. Let t = c + 11994. Is t prime?
True
Let m(j) = 3*j**3 + 27*j**2 - 106*j - 33. Is m(17) a prime number?
True
Is (1 + 5 + 1 + -8)*-357079*1 a composite number?
False
Let s(a) = -7*a + 15. Let u(b) = -20*b + 45. Let y(p) = 8*s(p) - 3*u(p). Let g be y(5). Suppose -2*j - 4*k + g*k = -107, j = -k + 58. Is j a composite number?
True
Let j be -5 + 2 + -2 + 16. Suppose 4*i + j = 199. Suppose 0 = -i*r + 49*r - 668. Is r prime?
False
Let k be (((-100)/8)/5 + 3)*6. Suppose -k*z + 7955 = 5*n - 1834, -3*z = 6. Is n a composite number?
True
Let v(p) = -12*p**3 - 3*p**2 - 6*p + 10. Suppose j + 0*j = 2*c - 7, -5*j - c - 24 = 0. Is v(j) a composite number?
True
Let y(l) = 1. Let a(m) = 11*m**3 - 4*m**2 - m + 5. Let d(w) = -a(w) + 4*y(w). Let t be d(-3). Suppose 2*i - t = 549. Is i composite?
False
Let b(c) = -324*c - 11. Let o(n) = -1296*n - 43. Let r(x) = 9*b(x) - 2*o(x). Let v be (-3 + 39/9)*(-7 - -4). Is r(v) prime?
True
Let y = 34 - 26. Let k(n) = 793*n + 29. Let m(p) = 264*p + 10. Let w(u) = y*m(u) - 3*k(u). Is w(-4) composite?
False
Let a(q) = 8*q**3 + 2*q**2 + 15*q + 74. Let j be a(-7). Let v = j + 5172. Is v composite?
True
Let q = 33469 + 8110. Is q a composite number?
False
Let j(i) = i**3 - 116*i**2 + 292*i - 694. Is j(115) a prime number?
True
Let d = 3569 - 5734. Let b = d + 7336. Is b composite?
False
Suppose 0*a - 6*a = -42. Suppose -a*z = -5199 - 5392. Is z prime?
False
Let u(o) = -3*o**2 + o. Let w(k) = 19*k**2 - 3*k + 25. Let j(t) = 6*u(t) + w(t). Is j(6) a composite number?
False
Let p be (-3 - (-110)/33)*4314. Let x be 3 + (2 + 1 - 0). Suppose x*j - 8*j = -p. Is j a composite number?
False
Let w be (-2 - 2) + 5 + 26. Suppose w = -4*u + 135. Suppose 0 = 31*m - u*m - 1772. Is m composite?
False
Let c(u) = u**3 - 11*u**2 + 17*u + 9. Let v be c(9). Is -2 + v - (28 - 39809) composite?
False
Suppose 54*f = -4*y + 48*f + 290014, -3*y = -f - 217538. Is y prime?
False
Let i = 72 - 71. Suppose -45889 = -5*o - 4*q, -i = -3*q - 13. Is o a composite number?
False
Let k be 20/6*12/10 - 3957. Let h = 1710 - k. Is h a prime number?
False
Suppose 555*v + 2176282 + 2408337 = 628*v. Is v composite?
True
Let n(o) = -o**3 - 7*o**2 + 10*o - 1. Let y be n(-8). Let c(q) = -26*q + 155*q**3 + 17*q**2 + 13 - 309*q**3 + 155*q**3 - 36. Is c(y) a prime number?
True
Suppose -3*n = 1 - 16. Suppose 0 = -v + 3, n*v - 19 - 26 = -5*u. Is (476/21)/(4/u) prime?
False
Let d be (-17)/(-5) - (-6)/(-15). Suppose -3*q = 4*f - 744, 3*q + 161 = 173. Suppose -f - 1974 = -d*w. Is w composite?
False
Suppose j - 23769 = 14816. Suppose 137*p + j = 142*p. Is p prime?
True
Let n be -1*0*(-4)/4. Suppose 2*y - 8 + 2 = n. Suppose -289 + 4 = -y*h. Is h prime?
False
Let g(f) = 2282*f**2 - 57*f - 417. Is g(-8) composite?
True
Suppose 46*y = 1029135 + 1782983. Is y a composite number?
True
Let v be 1/(-2)*2 - -3. Suppose -6*r + 2*r + 4*b = 0, 0 = 2*b. Suppose -v*m - 36 + 98 = r. Is m composite?
False
Let u be (3/(-6))/(3*2/(-42912)). Let d = u + 209. Is d a prime number?
False
Let g be 2 + 0 + -2 - -3. Let r be (-1 - -10) + (-87)/29. Is g/r*4 + 113 composite?
True
Let g(r) = 5*r**2 - 45*r + 11. Let x be g(-24). Let t = 2736 + x. Is t a prime number?
False
Let w(c) = 4514*c**2 + 108*c + 467. Is w(-5) composite?
True
Let j = -617701 + 890730. Is j a composite number?
False
Let r = -583 + 1984. Let m = r + 1892. Is m a prime number?
False
Let p = 119 - 113. Suppose p*m - 4*m + 5*l - 4562 = 0, 5*l - 2271 = -m. Is m composite?
True
Suppose 3*s = 4*a - 824338, 13*a = 15*a + 2*s - 412162. Is a a composite number?
False
Let l = -134286 - -232591. Is l composite?
True
Let c(d) = -36*d**2 - 6*d - 23. Let x be c(7). Let r = x - -2796. Is r a prime number?
True
Let o = -711 - -721. Is 3/(-8) + o + 7691/8 a prime number?
True
Suppose 16*z + 6112 + 3008 = 0. Is (z/(-171))/((-4)/(-6)) - -182 composite?
True
Let w be ((-35)/(-15)*39)/1. Suppose -9*h - w = -316. Is 2/5 + 35215/h a prime number?
True
Suppose -q + 0*q = -2*q. Suppose q = 7*y + 5*y - 3*y. Let p(c) = 2*c**2 + 5*c + 2333. Is p(y) prime?
True
Suppose b - 14 = 4*i + 15, 10 = -5*i. Let o = -17 + b. Suppose a = 2*j - 528, o*j - 5*j = 2*a - 254. Is j a composite number?
True
Let l = 135 - 133. Suppose 0 = q - l*q + 144